ue of 27 - ((7 - 0) + -4 + -15)?
39
What is the value of (1 - 2) + (-15 - -12) - (27 - 27)?
-4
-330 - -379 - (-3 + 43)
9
What is 1 + 12 + 19 + 11 + -29?
14
What is the value of 5 - (-2 + -3 + (-3 - -6) - -4)?
3
What is the value of 4 - 43 - -22 - -24 - (-2 - -21)?
-12
-12 + (13 - (-16 + (43 - 11)))
-15
What is -1 + 5 + -8 + -1 + -12?
-17
Evaluate (-5 - -4) + -21 + -22 + 22.
-22
Calculate -5 + (15 - (8 + -1) - 7).
-4
-1 + -4 + 1 + 165 + (-291 - -155)
25
Calculate 17 - ((-12 - -1) + 34).
-6
Calculate (-1 - 1) + 9 + 9 - (84 + -77).
9
Evaluate 20 + (8 - 0 - 6) + 11.
33
Evaluate -8 + 1 - ((-16 - -1) + -1).
9
What is the value of 26 - ((-11 - -3) + (18 - 8))?
24
Evaluate 2 - (-7 + (-13 - -9 - (-17 - -2))).
-2
(-6 - -1) + -85 + -4 + 104
10
What is the value of 289 + -273 - (-1 + 0 - -8)?
9
What is the value of (-12 - -2) + (16 - -13)?
19
Calculate (3 - (9 - -4) - 1) + 13 + -4.
-2
Calculate 2 - (-3 - -5) - -8 - 7.
1
What is -16 + 21 + 0 + 0 - 13?
-8
Evaluate -36 - (-30 - -36 - 42).
0
Evaluate (0 - -23 - -12) + (-17 - -1).
19
What is the value of 15 - (-7 + 14 + 6)?
2
Calculate (-3 + 6 - (1 - -2)) + (-66 - -38).
-28
What is the value of -1 - ((0 - -16) + 3 - 6)?
-14
Evaluate -11 + (14 - (-5 + (8 - 1))).
1
Evaluate -4 - (-15 + -33) - 32.
12
Calculate -1 - -1 - (37 + -90 - -40).
13
What is -259 + 237 - (-35 - -2)?
11
Calculate 35 - (-43 + 0 - -43).
35
What is the value of 2 - 15 - ((-4 - -3) + 9)?
-21
What is the value of (-17 + 9 - -3) + (-2 - -19 - 0)?
12
1 + -10 - (-1 - (-26 - -48))
14
What is (26 + -20 - 10) + (-1 - -9)?
4
(19 - 11) + -1 + (-4 - 0)
3
Calculate 13 + -8 + (6 - 0).
11
Evaluate (13 - 10) + -16 - -6.
-7
What is -21 - -33 - (-1 + 8)?
5
Calculate -4 - (-10 - ((11 - -1) + 8 + -14)).
12
What is the value of 22 + 5 + -1 + -33?
-7
What is -1666 + 1675 - ((13 - -1) + 1)?
-6
Calculate (-6 - -6 - (-4 + 1 - -1)) + 5.
7
11 - -6 - 5 - 12
0
What is the value of (-23 + 18 - -15) + -21?
-11
Calculate -2 - (-2 + (7 - (11 + -4 + 4))).
4
What is the value of 21 - (4 - -47 - 45 - (1 - -11))?
27
Evaluate -8 + -12 + (-14 - -14) - (-4 - 0).
-16
25 + -27 - (1 - -1)
-4
Evaluate (18 - 3 - 3) + 0.
12
8 + (-6 - (-1 - (6 - (-7 - -8))))
8
Calculate -15 + -41 + 45 - (-4 - (-19 + 3)).
-23
7 - (22 - -1 - (-7 + -10 + 15))
-18
-18 + 24 - (-5 + 0 - -21)
-10
-2 + -3 + -1 + 14
8
(42 - 22) + (0 - 43)
-23
Evaluate -5 + -3 + 0 + 4 + -7 + 7.
-4
What is -150 + 175 - (9 + -9)?
25
What is the value of -5 + -3 + 1 + 1 + 2?
-4
Calculate 5 - 6 - -5 - (-1 - -20 - -8).
-23
Evaluate (1034 - 1080) + -1 + 20.
-27
Evaluate -14 + 4 + (-11 - (-54 + -10 - -14)).
29
Evaluate (2 - (-8 + 5) - 5) + 0 + 7.
7
Calculate (-12 + 8 - 7) + (-4 - 0).
-15
What is the value of -2 + -2 - (11 + -9) - 6?
-12
Evaluate 3 + 3 + 1 + (-89 - -93).
11
What is 7 + 8 - (-7 + 10 + 1)?
11
What is 0 + (1 - 6) + (321 - 339) - -8?
-15
What is 1 + (-22 - (10 - (1 - -7))) + 4?
-19
What is the value of -2 - (14 - (4 - 8 - -2)) - -5?
-13
Calculate (-1 + -9 - 1) + (36 + -31 - 3).
-9
127 - 118 - (2 + 2 - (6 - 6))
5
Calculate 8 + 9 + -5 + -9 + -21 + -4.
-22
What is the value of 2 + 1 + 1 + (-79 - -78)?
3
What is -7 + 1 + (15 - 9) + 2 + 4?
6
9 - 6 - (-4 - -4) - -7
10
Calculate -16 - (1 + (-5 + 9 - (10 + 0))).
-11
What is (-39 - (7 + -29 - -12)) + -5 + 12?
-22
Evaluate -22 - (27 + -16 - 9).
-24
-17 - -5 - (-5 - (1 + 0))
-6
What is the value of (1 - 10) + (-91 - -99)?
-1
What is 1 + -20 + 17 + 1 + (6 - 3)?
2
2 + -27 - (-6 - (9 - (3 + 4)))
-17
Evaluate (31 - (-3 - -8)) + 2 + -13.
15
What is the value of -234 + 257 + -2 + -4?
17
What is 15 - (-7 + 4 + -7 + -3)?
28
Calculate 8 + 1 - (-2 + -15 - -13).
13
Calculate 24 - (9 - (-10 + 9)).
14
What is the value of 1 + (-25 - -19 - -10)?
5
What is the value of 8 + -15 - (2 + -9 - -6)?
-6
Evaluate 27 + (-59 - (-19 - 5)).
-8
Evaluate -3 + (22 - 23 - 3).
-7
(-11 - ((6 - 11) + -3)) + 2
-1
What is the value of -2 + 17 + -921 + 886?
-20
16 + (-8 - (22 + 7 + -18))
-3
What is the value of 3 - -1 - (-7 + -6 + 7)?
10
13 - (-7 - (2 - 10))
12
Evaluate 26 + (9 - (19 + (3 - (3 + 4)))).
20
Evaluate (12 - 9) + 2 + -5 + (-4 - 11).
-15
What is the value of (-3 - 3) + 11 - 2 - (28 - 22)?
-3
6 + 4 + -18 - -6 - -2 - -17
17
What is the value of (2 - (-21 + 20) - (-2 + -4)) + -4?
5
Calculate -2 + 3 + -1 + 0 + 12 + -20.
-8
What is the value of 5 - 0 - 4 - -1 - 12?
-10
Calculate (-63 - (-12 + -58)) + (5 + 0 - 1).
11
What is 10 + (-19 - -4 - -15)?
10
Calculate -41 + 2 - (-14 + 5 + -1 + 4).
-33
Calculate (-1 + 0 - -7 - (21 - 13)) + -11.
-13
Calculate 1 - -1 - 6 - (-734 - -735).
-5
Calculate 5 + -3 + 0 + -4 + -4 + -7.
-13
What is the value of -8 + (-3 + 0 - (-50 - -15)) - 10?
14
Calculate 9 - ((-5 - -10) + (-3 - 3)).
10
Calculate 0 + -8 - (-10 - (-6 + 1)).
-3
-3 + 5 - (4 - 7 - (21 + -22))
4
What is the value of 12 + -4 + 3 - (-1 - (7 - 8))?
11
What is 13 + (-8 - (8 + 22) - -10)?
-15
Calculate (-1 - 2 - -11) + (-16 - 0).
-8
Evaluate (7 - (8 + 1) - -17) + -15.
0
Calculate 0 - -11 - (1 + 37 - (-4 - -3)).
-28
What is the value of (-11 - -13) + -16 + 24 + -15?
-5
What is 17 - -9 - (20 - 3)?
9
What is the value of (10 - 1) + -18 + -1 + 9?
-1
-22 + -10 + 32 + (-19 - 1) + 6
-14
Evaluate -38 - (44 + -31 - 51).
0
What is 3 + 0 + (4 - (-5 + 13 + -6))?
5
Calculate 6 + 0 + 6 + (13 - 10) + -4.
11
What is the value of -4 - 1 - (-1 + 8 + -10) - 3?
-5
Calculate -16 + 30 + -18 - (-1 + 6) - -8.
-1
Evaluate -7 + 0 + (192 - 196) - -27.
16
155 + -129 - (7 - 2)
21
Evaluate 31 - (-20 - -16 - -48).
-13
Calculate 1 - -9 - (4 + -5 - (-1 - -1)).
11
(-61 + 76 - (-4 + -10)) + (-2 - -9)
36
25 + -32 + -46 + 38
-15
6 - (4 - (14 - 7 - 4 - 0))
5
7 - ((15 - 3) + -6) - 1
0
296 - 306 - (4 - (1 + 1) - 11)
-1
(0 - 71) + (-33 - -75)
-29
Evaluate -7 + (-13 - -4) + (-5 + 11 - 6).
-16
Calculate 14 - (-2 - 10 - -42).
-16
-2 + -19 + 12 + -3 - -32
20
Evaluate -1 - ((4 - 2) + -12) - (485 - 488).
12
Evaluate -5 + (0 - -3) + 30 + -25.
3
What is the value of (0 - -2) + -23 + -4 + (6 - 7)?
-26
Evaluate (51 + -39 - 17) + (-2 + 0 - 1).
-8
Evaluate -4 - (-6 - -5 - 11) - -10.
18
16 + (-4 - 2 - (-2 - (-10 + 11)))
13
Calculate (6 - 3) + -311 + 335.
27
What is -1 + -11 + -6 - (18 + (-19 - -5))?
-22
What is (-3 - (7 + -16 + -10)) + (1 - 2)?
15
-22 + 8 - (-17 - -11)
-8
What is the value of 2 + -21 + -447 + 456?
-10
What is -3 + 36 + -41 + 39?
31
What is the value of -2 + (13 - 16) + -2 + 4 + 4?
1
Calculate 4 - (-8 - (-11 - (9 - 18))).
10
70 + -83 + 25 + -2
10
What is -1 + (6 + -13 + 12 - -5)?
9
2 + -1 - (-150 + 133)
18
What is -17 - (-10 - (16 - 20 - (1 + -1)))?
-11
What is 28 - (0 - (-7 + 1 + -8 + 9))?
23
Calculate -5 - ((-2 - 0) + (-75 - -77)).
-5
Calculate -3 - (-7 - 16 - -7).
13
-6 - (17 - (8 - (13 + -47)))
19
Calculate 0 + (14 - 11) - -12.
15
What is the value of 15 + ((-1 - -6) + (-8 - -5) - 6)?
11
What is 23 + 1 - (-10 + 0 + 25)?
9
Calculate 4 - (-6 + (-1 - 6)) - (-1 - -1).
17
Evaluate 1823 - 1886 - (-38 + 0).
-25
What is the value of -32 + 42 - (-11 - -4)?
17
What is 19 + -35 - -43 - 11?
16
What is the value of (7 - (7 + -9)) + -40 + (18 - 9)?
-22
Evaluate (13 - -11) + -25 - (8 + -10).
1
What is (-9 - 17) + 2 + 6 - -7?
-11
Evaluate 7 - (-5 + 14 - (-17 + 15)) - -39.
35
-3 - (-9 - 0) - (-23 - -23)
6
Evaluate -14 - ((-5 - -1) + -5 + 5).
-10
Calculate (-1 - 32) + (2 + 11 - 6 - 2).
-28
What is 9 - (22 + 1 - (13 - 5))?
-6
(-13 - 2 - -16) + -15
-14
What is the value of -7 - -2 - (-7 + 7 + (0 - 2))?
-3
1 + 6 + -7 + 3 + (-12 - -10)
1
Evaluate 36 + -17 + -6 - 3.
10
-159 + 155 + -2 + 16
10
What is the value of (-8 + 20 - 26) + 6?
-8
(-10 - (-5 - 9)) + -3
1
What is the value of 1 - -4 - (96 + -87)?
-4
Evaluate -6 + 15 + -17 + (-2 - -6).
-4
8 + -2 + -2 - (17 - 23)
10
What is -8 - (1 + -21 - (51 + -62))?
1
What is the value of -5 + 18 + -12 - -7 - (-1 - -14)?
-5
Calculate 17 + 32 + -9 - 9.
31
What is (52 - 48) + (5 + -9 - 6)?
-6
Evaluate -3 + 0 - (-6 + (-11 - 8) + 8).
14
What is the value of (43 - 38) + 13 - 19?
-1
What is -13 - (-5 + -8 + 18 + -14)?
-4
What is the value of -8 + 9 + -5 + 0 + 6 + 1?
3
Calculate -7 + (1 - 4 - (72 + -92)).
10
Calculate (-3 - (-14 + 25)) + 29.
15
Evaluate 0 + -3 + (89 + -49 - 39).
-2
Calculate -26 + 29 - 45 - -16.
-26
(-1 - 8) + -93 + 114 - 9 - -7
10
Evaluate -235 + 234 - (-35 - 2).
36
Calculate -9 + 16 + -4 - (-8 + 2).
9
2 + (2 - -6) + 1 + 10 + -13
8
